{"id":2599,"date":"2019-11-27T22:15:04","date_gmt":"2019-11-27T21:15:04","guid":{"rendered":"https:\/\/www.reduca.cz\/blog\/?page_id=2599"},"modified":"2022-07-05T12:35:37","modified_gmt":"2022-07-05T10:35:37","slug":"akce","status":"publish","type":"page","link":"https:\/\/www.reduca.cz\/blog\/akce\/","title":{"rendered":"Akce"},"content":{"rendered":"<p><em>Chcete se dozv\u011bd\u011bt o&nbsp;bezodpadov\u00e9m \u017eivot\u011b v\u00edce? Chcete se se mnou vid\u011bt na\u017eivo? Zde je seznam akc\u00ed, kde se m\u016f\u017eeme potkat. A&nbsp;pokud jste nena\u0161li va\u0161e m\u011bsto, <a href=\"https:\/\/www.reduca.cz\/blog\/about\/\">pozv\u011bte m\u011b k&nbsp;v\u00e1m<\/a>.<\/em><\/p>\n<p>Moment\u00e1ln\u011b nejsou v&nbsp;pl\u00e1nu \u017e\u00e1dn\u00e9 akce.<\/p>\n","protected":false},"excerpt":{"rendered":"<p>Chcete se dozv\u011bd\u011bt o&nbsp;bezodpadov\u00e9m \u017eivot\u011b v\u00edce? Chcete se se mnou vid\u011bt na\u017eivo? Zde je seznam akc\u00ed, kde se m\u016f\u017eeme potkat. A&nbsp;pokud jste nena\u0161li va\u0161e m\u011bsto, pozv\u011bte m\u011b k&nbsp;v\u00e1m. Moment\u00e1ln\u011b nejsou v&nbsp;pl\u00e1nu \u017e\u00e1dn\u00e9 akce.<\/p>\n","protected":false},"author":1,"featured_media":2604,"parent":0,"menu_order":0,"comment_status":"closed","ping_status":"closed","template":"","meta":{"_monsterinsights_skip_tracking":false,"_monsterinsights_sitenote_active":false,"_monsterinsights_sitenote_note":"","_monsterinsights_sitenote_category":0,"jetpack_post_was_ever_published":false,"footnotes":"","_links_to":"","_links_to_target":""},"jetpack_sharing_enabled":false,"jetpack_shortlink":"https:\/\/wp.me\/P9d4BP-FV","jetpack_likes_enabled":false,"jetpack-related-posts":[{"id":31,"url":"https:\/\/www.reduca.cz\/blog\/about\/","url_meta":{"origin":2599,"position":0},"title":"O mn\u011b","date":"10. 9. 2017","format":false,"excerpt":"Jmenuji se Martina Sumbalov\u00e1. Vystudovala jsem informatiku, psychologii a \u017eurnalistiku. Za sv\u016fj \u017eivot jsem vyzkou\u0161ela spoustu \u010dinnost\u00ed - byla jsem \u0161\u00e9fredaktorkou \u0161koln\u00edho \u010dasopisu, redaktorkou internetov\u00e9ho magaz\u00ednu, \u010dlenkou n\u011bkolika p\u011bveck\u00fdch sbor\u016f, aktivn\u00edm ka\u010derem v Geocachingu, hr\u00e1\u010dkou na klav\u00edr, kytaru a fl\u00e9tnu, b\u00e1sni\u010dk\u00e1\u0159kou, po\u0161\u0165a\u010dkou, ukl\u00edze\u010dkou, studentkou, here\u010dkou, st\u0159iha\u010dkou vide\u00ed, fotografkou. Nyn\u00ed jsem\u2026","rel":"","context":"Similar post","img":{"alt_text":"","src":"https:\/\/i0.wp.com\/www.reduca.cz\/blog\/wp-content\/uploads\/2018\/11\/IMG_8539-e1541101922267.jpg?fit=1200%2C717&ssl=1&resize=350%2C200","width":350,"height":200},"classes":[]}],"_links":{"self":[{"href":"https:\/\/www.reduca.cz\/blog\/wp-json\/wp\/v2\/pages\/2599"}],"collection":[{"href":"https:\/\/www.reduca.cz\/blog\/wp-json\/wp\/v2\/pages"}],"about":[{"href":"https:\/\/www.reduca.cz\/blog\/wp-json\/wp\/v2\/types\/page"}],"author":[{"embeddable":true,"href":"https:\/\/www.reduca.cz\/blog\/wp-json\/wp\/v2\/users\/1"}],"replies":[{"embeddable":true,"href":"https:\/\/www.reduca.cz\/blog\/wp-json\/wp\/v2\/comments?post=2599"}],"version-history":[{"count":7,"href":"https:\/\/www.reduca.cz\/blog\/wp-json\/wp\/v2\/pages\/2599\/revisions"}],"predecessor-version":[{"id":2781,"href":"https:\/\/www.reduca.cz\/blog\/wp-json\/wp\/v2\/pages\/2599\/revisions\/2781"}],"wp:featuredmedia":[{"embeddable":true,"href":"https:\/\/www.reduca.cz\/blog\/wp-json\/wp\/v2\/media\/2604"}],"wp:attachment":[{"href":"https:\/\/www.reduca.cz\/blog\/wp-json\/wp\/v2\/media?parent=2599"}],"curies":[{"name":"wp","href":"https:\/\/api.w.org\/{rel}","templated":true}]}}

<p><em>Chcete se dozvědět o&nbsp;bezodpadovém životě více? Chcete se se mnou vidět naživo? Zde je seznam akcí, kde se můžeme potkat. A&nbsp;pokud jste nenašli vaše město, <a href="https://www.reduca.cz/blog/about/">pozvěte mě k&nbsp;vám</a>.</em></p>
<p>Momentálně nejsou v&nbsp;plánu žádné akce.</p>

<p>Chcete se dozvědět o&nbsp;bezodpadovém životě více? Chcete se se mnou vidět naživo? Zde je seznam akcí, kde se můžeme potkat. A&nbsp;pokud jste nenašli vaše město, pozvěte mě k&nbsp;vám. Momentálně nejsou v&nbsp;plánu žádné akce.</p>

O mně

Jmenuji se Martina Sumbalová. Vystudovala jsem informatiku, psychologii a žurnalistiku. Za svůj život jsem vyzkoušela spoustu činností - byla jsem šéfredaktorkou školního časopisu, redaktorkou internetového magazínu, členkou několika pěveckých sborů, aktivním kačerem v Geocachingu, hráčkou na klavír, kytaru a flétnu, básničkářkou, pošťačkou, uklízečkou, studentkou, herečkou, střihačkou videí, fotografkou. Nyní jsem…
